) = -495*t - 1405. List the prime factors of x(-19).
2, 5
Let u(t) be the second derivative of -33*t**5/5 + t**4/12 + t**3/3 - 2*t - 228. Let b be -1*1*1/1. What are the prime factors of u(b)?
131
Suppose -6*p = 5*p. Suppose -n + p*n = 4*d - 73, 0 = -3*d. Let k = n - 54. What are the prime factors of k?
19
Let f(s) = -s**2 + 16*s + 76. Let x be 64/6 + (64/(-3))/(-16). List the prime factors of f(x).
2, 31
Let d be (-12)/15 - (-518)/35. Let h be (-4)/d + (-10506)/(-119). Let t = h - 44. List the prime factors of t.
2, 11
Let r(y) = y**3 + 7*y**2 - 4*y + 35. Let t be r(-8). Suppose -3*z + 1130 = -2*v, z + 107 - 469 = -t*v. What are the prime factors of z?
2, 11, 17
List the prime factors of -6*30695/(-14) + -13.
2, 6571
List the prime factors of ((-14692)/(-18))/((-2)/(-21)) - 624/468.
11, 19, 41
Let o = 895 - 1687. Let d = -480 - o. Let u = -110 + d. What are the prime factors of u?
2, 101
Let c = 626 - 647. Let o(j) = j**3 + 24*j**2 + 42*j - 37. List the prime factors of o(c).
2, 101
Let y(p) = -2*p**3 - p**2 + 168. Let t be y(0). Suppose 4*r - t = 4*u, -5*r - u + 142 = -2*r. What are the prime factors of r?
2, 23
Let z(d) = 8*d + 178. Let m be z(-22). Suppose -6*c + c + 1924 = -4*v, 0 = -3*c + m*v + 1156. List the prime factors of c.
2, 97
Let t(r) be the second derivative of -r**3 + 63*r**2/2 + 58*r. List the prime factors of t(-15).
3, 17
Let q(i) = -i - 201 + 6*i**3 - 13*i - 2*i**3 + 1273 + 9*i. List the prime factors of q(0).
2, 67
Suppose 90*d - 297*d + 4418469 = -150*d. What are the prime factors of d?
3, 11, 29
Let p(n) = 2*n**3 - 8*n**2 - 11*n + 9. Let v be p(5). Suppose 4*r + 3*d + 55 = 1394, 3*r - v*d - 1023 = 0. List the prime factors of r.
337
Let q = -370 - -792. Suppose -2*j - q = -2*n + 2*j, -853 = -4*n - j. Let x = 420 - n. List the prime factors of x.
3, 23
Let a = 244 - 106. Let t = -552 + 1705. Suppose t = 5*g + a. What are the prime factors of g?
7, 29
Let q = 5038 + -2087. What are the prime factors of q?
13, 227
Let s(u) be the second derivative of 17*u**3/6 + 56*u**2 + 2*u + 6. What are the prime factors of s(14)?
2, 5, 7
Suppose 7*j + 2*j = 1359. List the prime factors of (3 - 5)*(0 - (0 + j)).
2, 151
Let i(g) be the second derivative of -g**4/12 + g**3/6 + 4*g**2 - 2*g. Let c be i(-3). Let r(n) = -50*n + 3. What are the prime factors of r(c)?
7, 29
Suppose -2*q + t + 3 = 0, -3*q + 6*t - 4*t = -4. Suppose -7 = -q*x - 3. Suppose 2*b + x*b + c - 256 = 0, -256 = -4*b - 2*c. What are the prime factors of b?
2
Suppose -278616 = -52*d - 52*d. List the prime factors of d.
3, 19, 47
Suppose -8*n - 2*d = -4*n - 28, 4*d + 28 = 4*n. Let s = 748 - 738. Suppose s*z - 253 = n. List the prime factors of z.
2, 13
List the prime factors of 5/(-10)*((-52)/130)/((-2)/(-301690)).
30169
What are the prime factors of (-1109)/((-448)/(-384)*3/(-56))?
2, 1109
Suppose 8*x = 10*x + z - 96710, -4*z = -3*x + 145032. List the prime factors of x.
2, 1511
Let x = -474 - -558. Let s = x - -551. What are the prime factors of s?
5, 127
Suppose 3*i + 33612 = -731*p + 733*p, p - i = 16805. List the prime factors of p.
3, 1867
Let m be -3 + 0 + (0 - -717). Let c = -400 + m. Suppose 6*p + 2 = c. What are the prime factors of p?
2, 13
Suppose -2*g - x = -5*g + 79, -5*g = 4*x - 126. Let b = g - 18. Suppose 27 = b*y + y. What are the prime factors of y?
3
Let g be (14/6)/((-6)/(-1008)). Suppose h = -6*h - g. Let y = h + 119. List the prime factors of y.
3, 7
Let l = -4314 - -10518. List the prime factors of l.
2, 3, 11, 47
Let z = 35 - -73. Let o = 204 - z. List the prime factors of o.
2, 3
Suppose 9*b + 494 = -1648. Let v = -109 - b. What are the prime factors of v?
3, 43
Let c be ((-36)/24)/(3/(-4)). What are the prime factors of 7374/5 - c/(-10)?
5, 59
List the prime factors of (-3 - -8)/((20/100132)/1).
25033
Suppose -9*h - 7 = -10*h. Suppose -1944 = -11*x - h*x. What are the prime factors of x?
2, 3
Let z(t) = -229*t - 38. Let d be z(-4). Suppose 2*k + k = 2*f - d, -6*f + 2650 = -5*k. What are the prime factors of f?
5, 89
Let t(v) = -v**2 + 17*v - 20. Let i be t(16). Let r(b) = -5*b**3 - 3*b**2 - 8*b - 16. Let s be r(i). Let d = -160 + s. What are the prime factors of d?
2
Let d = -5988 - -10940. List the prime factors of d.
2, 619
Suppose -90 = -5*w + 4*l - 8*l, 0 = 5*l + 25. Suppose 0 = 3*z + 94 - w. List the prime factors of -199*(-5 + z/(-6)).
199
Let z be 0 - (4 - 1 - 221). Suppose -r + z = r. Let s = r - 24. What are the prime factors of s?
5, 17
Suppose 119*s - 60 = 104*s. Suppose -v = 2*z - 1146, -s*z + 5*z - 4591 = -4*v. What are the prime factors of v?
2, 7, 41
Suppose -1438 = 7*s + 732. Let z = -76 - s. What are the prime factors of z?
2, 3, 13
Let g(l) = 3*l**3 + 4*l**2 + 3*l + 4. Let s be g(-3). Let c = 52 + s. What are the prime factors of (3 - c - (-124 - -1)) + 1?
5
Suppose -6*s - 360992 = -38*s. What are the prime factors of s?
29, 389
Let u be (-323)/57 + 6/(-9)*-1. Let k(s) = 17*s**2 + 4*s + 12. What are the prime factors of k(u)?
3, 139
Suppose 633 = 6*c - 39. Let h = c - 87. What are the prime factors of h?
5
Let w(t) = 17*t**2 + 20*t + 31. Let n be w(-9). Suppose 4*l - 9*l + n = 3*v, 0 = -v + 2*l + 424. List the prime factors of v.
2, 13
Suppose x - 170 = -4*h, -2*x + 5*h = -7*x + 775. Suppose 0 = 8*m - x - 170. Let i = m - -13. List the prime factors of i.
53
Suppose 7*h - 147760 + 44993 = 184359. What are the prime factors of h?
2, 20509
Let z = -16688 - -30537. What are the prime factors of z?
11, 1259
Let y(q) = -q + 9. Let r be y(5). Let c be 2681/21 + 1/3. Suppose 208 = r*k - c. What are the prime factors of k?
2, 3, 7
Let r be (11/4)/(26/22672). Suppose 33*d - r = 55682. List the prime factors of d.
2, 5, 11
Suppose 0 = 6*s - 53*s + 9*s + 442472. What are the prime factors of s?
2, 41, 71
Suppose 0 = 4*p - 496 - 48. Let n = 218 - p. Suppose -4*w + 123 = 3*l, n = 2*l - 3*w + 17. What are the prime factors of l?
37
Let q(r) = 1187*r + 6246. What are the prime factors of q(38)?
2, 7, 131
Let m = -125 + 122. Let p be 3602/5 - (m/5 + 1). Suppose -k - 2*k = -p. What are the prime factors of k?
2, 3, 5
Let u = -1636 + 16233. What are the prime factors of u?
11, 1327
List the prime factors of (1 + (-1970)/6 - 2)*(-217 - -169).
2, 13, 19
Let c(n) = 28*n**2 - 2*n + 39. Let g(m) = 15*m**2 - m + 20. Let d(i) = 6*c(i) - 11*g(i). List the prime factors of d(4).
2, 29
Let a = 220860 + -146391. What are the prime factors of a?
3, 103, 241
Let z be ((-560)/175)/((-2)/25). Let g(n) = 27*n + 2. Let b be g(5). Let o = b - z. What are the prime factors of o?
97
Suppose -2*v + 102 - 96 = 0. Suppose v*j + 67 = 1441. List the prime factors of j.
2, 229
Let w(c) be the first derivative of c**4/2 - 28*c**3/3 + 5*c**2/2 - 4*c - 39. List the prime factors of w(14).
2, 3, 11
Suppose -3*u = -t + 1, -t + u + 20 = 21. What are the prime factors of ((-9)/(-18))/(t/(-2468))?
617
Let m = -11477 - -56495. What are the prime factors of m?
2, 3, 41, 61
Let q(o) = -2557*o - 1614. What are the prime factors of q(-4)?
2, 59, 73
Let s(i) = 35*i**2 - i + 372. What are the prime factors of s(13)?
2, 3137
Let o be (-1)/4 - 246/(-24). Suppose o*p - 2750 = 8*p - 4*m, 3*m = -9. What are the prime factors of p?
1381
Let b(n) = -5*n**3 - 8*n**2 + 27*n + 12. Let u(i) = 2*i**3 - i + 1. Let w(v) = b(v) + 3*u(v). What are the prime factors of w(8)?
3, 23
Let r be 25/4 + -1 - (-3)/(-12). Suppose -v = -1 + r, 2*v + 8 = 4*a. Suppose 59*z - 63*z + 680 = a. List the prime factors of z.
2, 5, 17
Suppose 50*c - 25 = 45*c. Suppose 23*i = -c*i + 31556. List the prime factors of i.
7, 23
Suppose 182*t + 1571284 = 223*t. What are the prime factors of t?
2, 11, 13, 67
Suppose 108*a = 110*a - 3708. Suppose -14*t + 792 + a = 0. Let r = t - 88. List the prime factors of r.
101
Let f(w) = 4*w**2 + 2*w + 1. Let p be f(-1). Suppose 34 = 5*z + p*y - 7*y, -5*z + 27 = 3*y. What are the prime factors of (-4)/(-3) - (-328)/z?
2, 7
Let z(r) = r - 25. Let h be z(21). Let t be 9/((-6)/h + (-45)/15). What are the prime factors of (-6)/(-18) + (-736)/t?
3, 41
Let f = 16 - 6. Suppose 1868 + 3492 = f*y. List the prime factors of y.
2, 67
List the prime factors of (-12)/30 + (-6125268)/(-345).
2, 3, 11, 269
Let o(p) = -6*p**3 - 26*p**2 - 30*p + 33. List the prime factors of o(-11).
11, 43
Let t(g) = -5*